{"id":261,"date":"2017-07-16T13:14:37","date_gmt":"2017-07-16T11:14:37","guid":{"rendered":"http:\/\/echographique.com\/?page_id=261"},"modified":"2024-03-15T21:57:07","modified_gmt":"2024-03-15T20:57:07","slug":"a-propos","status":"publish","type":"page","link":"http:\/\/echographique.com\/index.php\/a-propos\/","title":{"rendered":"\u00c0 propos"},"content":{"rendered":"<p>[<em><span style=\"text-decoration: underline;\">\u00c9chos graphiques<\/span><\/em> de ce qui advint, de ce qui resurgit, fait surface.]<\/p>\n<div id=\"attachment_478\" style=\"width: 730px\" class=\"wp-caption alignnone\"><img loading=\"lazy\" decoding=\"async\" aria-describedby=\"caption-attachment-478\" class=\"wp-image-478\" src=\"http:\/\/echographique.com\/wp-content\/uploads\/2017\/07\/Lazare-Julian-House-Memory-Projects.jpg\" alt=\"\" width=\"720\" height=\"540\" srcset=\"http:\/\/echographique.com\/wp-content\/uploads\/2017\/07\/Lazare-Julian-House-Memory-Projects.jpg 800w, http:\/\/echographique.com\/wp-content\/uploads\/2017\/07\/Lazare-Julian-House-Memory-Projects-300x225.jpg 300w, http:\/\/echographique.com\/wp-content\/uploads\/2017\/07\/Lazare-Julian-House-Memory-Projects-768x576.jpg 768w, http:\/\/echographique.com\/wp-content\/uploads\/2017\/07\/Lazare-Julian-House-Memory-Projects-210x158.jpg 210w\" sizes=\"(max-width: 720px) 100vw, 720px\" \/><p id=\"caption-attachment-478\" class=\"wp-caption-text\">Lazare is watching Julian House&#8217;s Ghost-Box Broadcast @Une Saison Graphique 13.<\/p><\/div>\n<h2 class=\"p1\">The exhibition section offers a selection of hanging devices, specially designed for graphic design, typography and animated images.<\/h2>\n<h2 class=\"p1\">It is a matter of indexing, classifying, archiving approaches of contextualization of a disciplinary field, objects and shapes resulting from the command. In the second place, it will be necessary to redefine its regimes, but, above all, these <em>graphic echoes<\/em> are for many of them, testimonies, traces, through the exhibition, a recontextualization outside their own field. For this reason, many projects will be discriminated against, for example, signage, space planning, field prospecting, communication and valorisation projects.<\/h2>\n<h2 class=\"p1\">In this way, it is not a question of finding a contemporary definition of &#8220;<em>what is graphic design (?)<\/em>&#8221; But rather of crossing approaches, establishing a cartography of the systems of monstrations, their actors, to speculatively observe their strategy of enunciation, focus.<\/h2>\n<h2 class=\"p1\">To facilitate reading, and even if this blog officially saw the day a 14th of july, 2017, during a visit to the Design Museum of Ghent, a chronological approach was chosen. Thus, and even though articles are published daily, these same items are anti-dated to the date corresponding to their related event.<\/h2>\n<p>La section <a href=\"http:\/\/echographique.com\/index.php\/category\/exhibition\/\"><em>exhibition<\/em><\/a> propose une s\u00e9lection de dispositifs d&#8217;accrochages, d\u00e9di\u00e9e tout particuli\u00e8rement au design graphique, de la typographie, de l&#8217;image anim\u00e9e.<br \/>\nIl s&#8217;agit l\u00e0 d&#8217;indexer, de classer, d&#8217;archiver des approches de contextualisation d&#8217;un champ disciplinaire, d&#8217;objets et de formes issus de la commande. La commande, il faudra dans un second lieu red\u00e9finir ses r\u00e9gimes, mais, avant tout, ces <em>\u00c9chos graphiques<\/em> sont pour nombre d&#8217;entre-eux, t\u00e9moignages, traces, par le biais de l&#8217;exposition, d&#8217;une recontextualisation hors de leur champ propre d&#8217;application. Pour cette raison, seront discrimin\u00e9s, par exemple, nombre de projets de signal\u00e9tique, de mise en espace, de prospection du champ, de communication et de valorisation (&#8230;).<br \/>\nAussi, il ne s&#8217;agit en rien de trouver dans ce parcours une d\u00e9finition contemporaine d&#8217;un &#8220;<em>qu&#8217;est ce que le design graphique (?)<\/em>&#8220;, mais plut\u00f4t de croiser des approches, d&#8217;\u00e9tablir une cartographie des syst\u00e8mes de monstrations et de leurs acteurs, d&#8217;observer sp\u00e9culativement leur strat\u00e9gie d&#8217;\u00e9nonciation, des focus.<br \/>\nPour des raisons de lecture, et m\u00eame si ce blog a vu officiellement le jour un 14 juillet 2017, \u00e0 l&#8217;occasion d&#8217;une visite au <a href=\"http:\/\/echographique.com\/index.php\/2017\/07\/14\/karel-martenss-motion\/\">Design Museum de Ghent<\/a>, une approche chronologique a \u00e9t\u00e9 choisie. Ainsi, et, m\u00eame si des articles sont publi\u00e9s journali\u00e8rement, ces m\u00eames articles sont anti-dat\u00e9s \u00e0 la date correspondant \u00e0 leur \u00e9v\u00e9nement aff\u00e9rant.<\/p>\n<p style=\"padding-left: 30px;\">[Edit 2017.07.16] La section, non exhaustive, sera compl\u00e9t\u00e9e par les dispositifs de :<br \/>\nM\/M (Paris) \u2014 Not in fashion<br \/>\n<del>Richard Niessen \u2014 A Hermetic Compendium of Mansonic Typography<\/del><br \/>\nMonozukuri II<br \/>\n<del>Raphael Garnier \u2014 Une vison Ere<\/del><br \/>\n<del> Catherine Guiral \u2014 Pierre et ast\u00e9risque<\/del><br \/>\n<del datetime=\"2017-09-05T14:41:45+00:00\">Fanette Mellier \u2014 P &amp; P &#8211; Nimes<\/del><br \/>\n<del>Fanette Mellier \u2014 Pangramme &#8211; Cambrai &amp; Une Saison Graphique<\/del><br \/>\n<del datetime=\"2017-09-05T14:41:45+00:00\">Gr\u00e9goire Romanet &#8211; Macules et Conception <\/del><br \/>\n<del datetime=\"2017-09-05T14:41:45+00:00\">Julian House \u2014 Memory Project<\/del><br \/>\n<del datetime=\"2017-09-05T14:41:45+00:00\">Helmo \u2014 Stratigraphie &#8211; Une Saison Graphique<\/del><\/p>\n<p style=\"padding-left: 30px;\"><del>Erik Brandt \u2014 Ficciones Typographika<\/del><br \/>\n<del>Les plus beaux livres fran\u00e7ais, 2009<\/del><br \/>\n<del datetime=\"2017-09-05T14:41:45+00:00\">S\u00e9lection internationale, Chaumont 2017<\/del><br \/>\n<del>Breda Design Festival \u2014 Resolute<\/del><br \/>\nBreda Design Festival \u2014 De coding<br \/>\n<del>Breda Design Festival \u2014 17 to 27 April 2014, the fourth edition of the biennal Graphic Design Festival Breda (GDFB) will be held. The festival explores current developments in the field of graphic visual culture and presents it in the historic centre of Breda. This 2014 edition investigates the role designers play in a process of change and offers the public a guideline to apply this process in a personal context<\/del>.<br \/>\n<del datetime=\"2017-09-05T14:41:45+00:00\">Gr\u00e9goire Romanet\/ Fanette Mellier \u2014 Encroyable<\/del><br \/>\n<del datetime=\"2017-07-26T09:24:44+00:00\">Mathias Schweizer \u2014 Malamerde<\/del><\/p>\n<p style=\"padding-left: 30px;\">Gr\u00e9goire Romanet\/ Fanette Mellier+Betty Bone \u2014 Livre \u00e0 vous<\/p>\n<p style=\"padding-left: 30px;\"><del>Sacha Leopold, Charles Beaut\u00e9 \u2014 Monozukuri, formes d&#8217;impressions<\/del><br \/>\n<del>Espace Bouchardon, Chaumont<\/del><\/p>\n<p style=\"padding-left: 30px;\">Ed Fella \u2014 Documents<br \/>\n<a href=\"http:\/\/fotokino.org\/Ed-Fella-Documents\">http:\/\/fotokino.org\/Ed-Fella-Documents<\/a><\/p>\n<p style=\"padding-left: 30px;\"><del>Flag \u2014 De l&#8217;autre C\u00f4t\u00e9<\/del><br \/>\nFlag \u2014 Jar NYC<br \/>\nVincent Perrotet et Anette Lenz<br \/>\nEd Fella \u2014 Document<br \/>\nStephan Sagmeister, Happy Show<br \/>\n<del>Ostengruppe\u00a0&#8211; Une Saison Graphique<\/del><br \/>\n<del>Silvia Tournerie \u2014 Enregistrement &#8211; Une Saison Graphique<\/del><br \/>\n<del>L&#8217;agence du doute \u2014 Crystal Maze<\/del><br \/>\nPeter Bankov \u2014 Posters as Diary<br \/>\nShoboshobo \u2014 Silk Sheets<br \/>\nChange is good \u2014 Music is Good<br \/>\n\u00c9lo\u00efsa Perez \u2014 Pr\u00e9lettre<br \/>\nhttp:\/\/www.designmadeingermany.de\/2011\/51124\/<br \/>\nNigel Waymouth \u2014 The Golden Needle (http:\/\/www.itsnicethat.com\/news\/nigel-waymouth-art-110817)<br \/>\nCurrency \u2014 State of motion (http:\/\/currencydesign.info\/project\/state-of-motion-2017\/)<br \/>\n<del>Ter Bekke et Behage (<a href=\"http:\/\/www.terbekke-behage.com\/exposition-saison-graphique\">http:\/\/www.terbekke-behage.com\/exposition-saison-graphique<\/a>)<\/del><br \/>\n<a href=\"https:\/\/www.we-heart.com\/2014\/06\/24\/limewharf-machines-room-london\/\">https:\/\/www.we-heart.com\/2014\/06\/24\/limewharf-machines-room-london\/<\/a><\/p>\n<p style=\"padding-left: 30px;\">Sitography : <a href=\"http:\/\/exhibitiondesignclub.tumblr.com\/archive\">http:\/\/exhibitiondesignclub.tumblr.com\/archive<\/a><\/p>\n<p>Echographique.com est conduit par Jean-Michel G\u00e9ridan.<br \/>\nRemerciements particuliers \u00e0 Mariina Bakic, Gilles Dupuis, Virgile Laguin, Pierre-Yves Cachard qui m&#8217;ont ouvert leurs archives et documents photographiques.<\/p>\n<p>Soumettre un dispositif :<br \/>\ngeridan77[at]gmail.com<\/p>\n","protected":false},"excerpt":{"rendered":"<p>[\u00c9chos graphiques de ce qui advint, de ce qui resurgit, fait surface.] The exhibition section offers a selection of hanging devices, specially designed for graphic design, typography and animated images. It is a matter of indexing, classifying, archiving approaches of<\/p>\n","protected":false},"author":1,"featured_media":0,"parent":0,"menu_order":0,"comment_status":"closed","ping_status":"closed","template":"","meta":{"footnotes":""},"_links":{"self":[{"href":"http:\/\/echographique.com\/index.php\/wp-json\/wp\/v2\/pages\/261"}],"collection":[{"href":"http:\/\/echographique.com\/index.php\/wp-json\/wp\/v2\/pages"}],"about":[{"href":"http:\/\/echographique.com\/index.php\/wp-json\/wp\/v2\/types\/page"}],"author":[{"embeddable":true,"href":"http:\/\/echographique.com\/index.php\/wp-json\/wp\/v2\/users\/1"}],"replies":[{"embeddable":true,"href":"http:\/\/echographique.com\/index.php\/wp-json\/wp\/v2\/comments?post=261"}],"version-history":[{"count":31,"href":"http:\/\/echographique.com\/index.php\/wp-json\/wp\/v2\/pages\/261\/revisions"}],"predecessor-version":[{"id":1194,"href":"http:\/\/echographique.com\/index.php\/wp-json\/wp\/v2\/pages\/261\/revisions\/1194"}],"wp:attachment":[{"href":"http:\/\/echographique.com\/index.php\/wp-json\/wp\/v2\/media?parent=261"}],"curies":[{"name":"wp","href":"https:\/\/api.w.org\/{rel}","templated":true}]}}